 -4*k - 50 = -k - 4*p, 0 = p + 1. Let f = k - -29. What is the tens digit of f?
1
Suppose 0 = s - 5*u, -3*s + 3*u = -0*u. Suppose 0 = -3*l - s*l + 132. What is the tens digit of l?
4
What is the units digit of 30/12 + 2/4?
3
What is the hundreds digit of (2 + 80/(-15))*-60?
2
Let o = -74 + 32. Let z = o + 74. What is the tens digit of z?
3
Let z(m) be the first derivative of -m**5/120 - m**4/12 + 4*m**3/3 - 3. Let b(x) be the third derivative of z(x). What is the units digit of b(-7)?
5
Let q(z) = -3*z + 6. Let k be q(9). Let i(v) = -2*v. Let h be i(6). Let l = h - k. What is the units digit of l?
9
Suppose 0 = 5*o - 431 - 219. Suppose -4*c + 75 = -5*i, 5*c + i = -0*c + o. What is the tens digit of c?
2
What is the units digit of 130/(-10)*(1 - 2)?
3
Let w = -2 + 8. Let a(m) be the third derivative of m**5/60 - m**4/6 - m**3/3 - 3*m**2. What is the units digit of a(w)?
0
Suppose -2*r = 2*r - 12. Suppose r = -o + 2*m, -10 = -3*o - 2*m - 3. What is the units digit of o + 3*(-16)/(-6)?
9
Let u = -88 - -42. What is the units digit of 6/12 + u/(-4)?
2
Let a(d) = 6*d**3 - 2*d**2 + 7*d - 5. Let p(n) = -n**3 - n**2 - n - 1. Let z be 20/6*6/4. Let x(o) = z*p(o) + a(o). What is the units digit of x(7)?
4
Suppose 4*s - 15 - 153 = -4*n, 3*n = 3*s + 114. What is the tens digit of n?
4
Let d be ((-6)/3)/(2 - 0). What is the units digit of 9*(d + 21/9)?
2
Suppose 0 = 6*m - 2*m - 624. What is the tens digit of m?
5
Suppose -b = 2, -3*b = 5*p + 65 + 61. Let f = -11 - p. What is the tens digit of f?
1
Let x be ((-1)/1)/((-6)/48). Suppose -x = 4*u - 2*d - 34, u + d = 8. What is the units digit of u/3 + (-2)/(-3)?
3
Suppose -t + 0 = -3. Suppose -2*b + t*k = -31, -k = b - 0*k - 23. What is the tens digit of b?
2
Let y = 420 - 299. What is the tens digit of y?
2
Let n(r) = r + 20. Let z be n(-17). Suppose 0 = 5*h + 3*x - 210, -6*x + z*x + 171 = 4*h. What is the units digit of h?
9
Suppose v = -v. Suppose t + t - 4 = v. What is the units digit of (-1)/t - (-34)/4?
8
Suppose 0 = -5*b + s + 18, 2*s + 3 = -4*b - 3*s. Suppose b*r - 104 = -r. What is the units digit of r?
6
Let q be (-10)/(-35) + (-33)/(-7). Suppose 2*u - q*u + t = -20, 5*u - 56 = -4*t. What is the units digit of u?
8
Suppose 5*b - 24 = -9. Let l be (-4)/b*(-132)/8. Suppose -2*g + 3*g = 3*u + l, g = 2*u + 17. What is the units digit of g?
7
Suppose 5*i + 3*p - 5 = -0*p, i - 4*p - 24 = 0. Let j be 105/12 - (-1)/i. Suppose 0 = v + y - 2*y - j, 0 = 3*v + 3*y - 39. What is the units digit of v?
1
Let v = -1 + 3. Suppose -n + 3 = -s - 0*s, 2*n + v*s = 14. What is the units digit of n?
5
Suppose 3*l - 4*l = 0. Suppose -5*q + 5*b + 58 = 3, q + 4*b - 16 = l. What is the units digit of q?
2
Suppose 3*m + 4*h - 41 = 0, -3*m + 43 = 4*h + h. What is the tens digit of m?
1
Let z(u) be the second derivative of 5*u**3/6 - u**2/2 - 2*u. Let w = 8 + -7. What is the units digit of z(w)?
4
Suppose -2*g - 2*g = -28. Suppose -5*j - g = -17. Suppose -30 = -j*x - 2*n, -2*n + 56 = 2*x + 2*x. What is the tens digit of x?
1
What is the units digit of 182/6 - (-14)/21?
1
Suppose 3*f + 18 = 5*f. What is the units digit of f?
9
What is the units digit of 1*(-12)/8*-72?
8
Let n be -3 + 1 + 0 + 6. Suppose 2*u + 3 = -u. Let t = u + n. What is the units digit of t?
3
Suppose -3*w + 3 - 6 = 0. Let z = 6 + w. Let d = z + -4. What is the units digit of d?
1
Suppose -4*v + v = 0. Suppose -a - 7 = -v. Let c(z) = z**2 + 6*z - 5. What is the units digit of c(a)?
2
What is the tens digit of (128 + -13)*(-4)/(-10)?
4
Let s(u) = -5 + 8*u**2 + 2*u**3 - u**3 + 8 + 5*u. Let x = -12 + 5. What is the tens digit of s(x)?
1
Suppose 12 = 5*f - 13. Let r be f/2*(-36)/(-30). Suppose 4 = r*z - w + 6*w, 0 = -4*z + 2*w + 40. What is the units digit of z?
8
Let x = 0 + 6. Suppose 0 = m - x*m - 50. Let q(h) = h + 15. What is the units digit of q(m)?
5
Let j(y) = y**2 - 7*y + 5. Let h be j(7). Suppose -5 = n, -4*n = 4*p - h*n - 173. What is the tens digit of p?
4
Let f(j) = -j**2 - 4*j + 8. What is the units digit of f(-5)?
3
Suppose -4*n - 627 = -g - 4*g, 123 = g - 2*n. What is the units digit of g?
7
Suppose 0 = 4*r - o - 3, 3*r - 16 = -o - 5. Suppose w - r*w + p + 32 = 0, 0 = 3*p - 6. What is the units digit of w?
4
Suppose g - 39 = -3*s, -5*g - 45 + 180 = 3*s. What is the units digit of g?
4
Let i be (0 + 0)/(-2 + 3). Let x be (i/(-1) - 1)*-3. Suppose 5*y - 16 = x*y. What is the units digit of y?
8
Let p = 32 - 29. What is the units digit of p?
3
Let y(g) be the first derivative of g**2/2 + 14*g + 1. Let c be y(-6). Suppose 2*v - 4*t + c = -0*v, 3*v + 4*t = 18. What is the units digit of v?
2
Let t(k) = k**2 + k + 3. Let f be t(0). Let b = 10 - f. Suppose 5*r = b + 8. What is the units digit of r?
3
Suppose -12 = 3*r, -5*r - 24 = -0*c - 2*c. What is the units digit of 78*c/3 + -1?
1
Let s be 3 - (0 + (0 - -1)). What is the units digit of (-1 - (-76)/s) + -1?
6
Suppose 2*c - 328 = -16. What is the tens digit of c?
5
Let c(b) be the first derivative of -25*b**2/2 - 2. Let y be c(1). Let u = -9 - y. What is the tens digit of u?
1
Suppose -2*t + 60 = t + f, -96 = -5*t - 3*f. What is the tens digit of t?
2
Let t(x) = -5 - x + 5. What is the units digit of t(-7)?
7
Suppose 0 = -3*h + 42. Suppose 4*v - h = -r, 3*v + 0 = -2*r + 8. Suppose -4*y + 5 = 5*p - y, 0 = v*y. What is the units digit of p?
1
Let y(d) = d - 1. Let v be y(4). Suppose -3*a + 24 = -3*g, -a + v*g - 4 = -5*a. Suppose 25 - a = 3*j. What is the units digit of j?
7
What is the units digit of (-3913)/(-65) - 4/(-5)?
1
Let u(d) be the third derivative of -d**4/24 + d**3/3 - 3*d**2. What is the units digit of u(0)?
2
Let m = -6 - -4. Let k be (-6)/(m - (2 - 2)). Suppose -t + 5*l = 3*l - 17, 0 = -2*t + k*l + 30. What is the units digit of t?
9
Let r(o) = o**3 - 6*o**2 - 5*o - 7. Suppose 0 = -0*k - 2*k + 14. What is the units digit of r(k)?
7
What is the tens digit of (-17)/(-68) - (0 - (-774)/(-8))?
9
Suppose -5*c + 3*a = -10*c - 210, 5*a - 42 = c. What is the tens digit of (-114)/2*14/c?
1
Suppose -3*y = 2*y - 580. Suppose 4*s + j - 127 + 2 = 0, 4*j - y = -4*s. What is the tens digit of s?
3
What is the tens digit of (5 - 4)*4 - -47?
5
What is the units digit of (59/3 + 1)*(-90)/(-60)?
1
Suppose -l = 2*l - 9. Suppose -5*b + l = 13. What is the units digit of (-1)/b*14 + -1?
6
Let z be 3 + 0/(2 + 0). Suppose -u - 5*f + 37 = 3*u, 0 = 4*u + z*f - 35. What is the units digit of (u/(-6))/((-1)/6)?
8
Let y = -4 + 2. Suppose -3 = 3*z - 0*z. What is the units digit of (-1 + y)/z + 15?
8
Let u(s) = -s + 2. Let v be u(-2). Suppose -3*o = -v*p + 35, 30 = 5*p - 4*o - 14. What is the units digit of p?
8
Let r = -3 - -6. Let l be r/(-1) - 28/(-2). Suppose 2*h = 4*p - 54, -30 = -4*p - 5*h - l. What is the units digit of p?
1
Suppose 16 = 2*y + 2*y. Suppose -4*j + 3*j - 2*q = 3, -2*j + 34 = -y*q. What is the units digit of j?
7
Let y = -66 + 123. Let r = y + -20. What is the units digit of r?
7
What is the hundreds digit of (0 + -413)*(1 + (-54)/42)?
1
Suppose -4*q + 6*d - 2*d = -120, -4*d + 76 = 3*q. What is the units digit of q?
8
Let d(i) = i**2 - i. What is the units digit of d(2)?
2
Let x = 2 - 4. Let k(h) be the third derivative of h**5/30 + h**4/12 - h**2. What is the units digit of k(x)?
4
What is the units digit of (-8 + 38/4)*56/3?
8
Let t = 75 + 108. What is the units digit of t?
3
Suppose -2*z = z - 54. Let h = z + -12. What is the units digit of h?
6
Suppose 4*c - 22 = -5*r, r - c + 0*c + 1 = 0. Suppose -3 = r*p - 11. Suppose 22 + 34 = p*u. What is the tens digit of u?
1
Let i = 16 + -11. Let z = i + -3. Let q = 3 - z. What is the units digit of q?
1
Suppose 150 = 2*d + 3*d. Suppose 115 = 4*l + 3*x, -2*x = -0*l + l - d. What is the tens digit of l?
2
Suppose 0*a - 3 = -a. What is the units digit of a?
3
Suppose 5*o - 4*h - 507 = -0*o, -3*h = -2*o + 200. What is the units digit of o?
3
Let g = -76 + 97. What is the units digit of g?
1
Let z be 4/(-6) + 42/9. Suppose -3*s - z*w + 44 = 0, -2*w = -5*s - 0*w + 82. What is the units digit of s?
6
Suppose 2*s = -2*u + 170, -2*s - 1 = -5*u - 171. What is the units digit of s?
5
Suppose 3*t = 4*t + 16. What is the tens digit of (-5 - -7)*t/(-2)?
1
Let m be ((-8)/(-12))/(2/6). Let d be m/(1/(-3)*-2). Suppose -11 = -d*w + 4. What is the units digit of w?
5
Suppos